4. Is h composite?
False
Let v = -3106 - -5585. Is v a composite number?
True
Is (-6)/(-8) + (-5640749)/(-404) composite?
False
Let n = 17449 - 10220. Is n composite?
False
Let a(d) = 38*d**2 + d - 2. Suppose -3*k = 39 + 12. Let q = 14 + k. Is a(q) composite?
False
Suppose -19*r = -16*r - 41001. Is r a composite number?
True
Let w = 8 - 7. Let i be ((-12)/(-16))/w*4. Suppose -i*t + 4*t = 631. Is t a prime number?
True
Suppose -4*a = -5*v - 24341, -9*v + 12153 = 2*a - 8*v. Is a a prime number?
True
Suppose 2*d = 54 + 124. Suppose 0 = 4*g - 3*h - 356, -2*g - h + d = -g. Is g composite?
False
Let w(r) = 2*r**2 - 6*r + 5. Let v be w(3). Suppose -v*b + 0*b + 60 = 0. Suppose 921 = b*o - 9*o. Is o a composite number?
False
Let x = 1608 + -2836. Let w = -693 - x. Is w a prime number?
False
Let w = 14652 - 5525. Is w a composite number?
False
Suppose 9944 = -3*a + 11*a. Is a prime?
False
Let o(n) = 11*n**2 + 46*n - 17. Is o(56) prime?
False
Let u(r) = 1917*r + 62. Is u(5) prime?
False
Suppose 0 = -3*f - 5*d + 3*d - 49, d = -f - 18. Let g(c) = -31*c**2 - 34*c + 30. Let p(n) = -6*n**2 - 7*n + 6. Let l(z) = 2*g(z) - 11*p(z). Is l(f) composite?
True
Suppose 1788 + 367 = 5*f. Suppose 280 = 2*s + 3*y, -5*s = -2*s - y - f. Is s prime?
False
Is 1/1*(-7 + 9) + 3405 composite?
False
Let x(g) = -g - 4. Let a be x(-11). Let i(m) = -m**3 + 4*m**2 + 6*m + 6. Let s be i(a). Is (-54725)/s - (-4)/18 prime?
False
Suppose 0*b + 2*b + 4*z = 20, 0 = 3*b + 5*z - 35. Let d be 3/5 + 2148/b. Is 8626/12 - (-18)/d a composite number?
False
Let t(m) = 543*m - 5. Is t(1) a composite number?
True
Suppose -8*i + 3*i + 45 = 5*k, 9 = 5*i - 4*k. Suppose 5*b - 13149 = 2*g, -i*b - 3*g + 2*g = -13143. Is b a composite number?
True
Let x(q) = 11*q**2 - q + 33. Let c(d) = -4*d**2 - 11. Let r(w) = 8*c(w) + 3*x(w). Is r(16) a prime number?
False
Let y = 2739 - 1582. Is y prime?
False
Let g(m) = 2*m + 12. Let c be g(-5). Let q(d) = 13*d**3 - d**2 - 3*d + 2. Let k be q(c). Suppose -138 - k = -6*y. Is y a prime number?
False
Suppose 2*j = -4*t - 20008 + 187782, -2*t = 4*j - 83902. Is t a prime number?
True
Let d = -4692 - -23465. Is d composite?
False
Let s(p) be the third derivative of p**6/120 - p**5/20 - p**4/3 - 7*p**3/2 - p**2 - 5. Is s(15) a composite number?
True
Let b(d) be the first derivative of 41*d**3/3 + 7*d**2/2 - 5*d - 75. Let u = -2 - -6. Is b(u) prime?
False
Suppose -10*v + 6*v = -8212. Is v a composite number?
False
Let c(q) = 22*q**2 + 23*q + 8. Let z be c(-9). Suppose 812 = 5*b - z. Is b a prime number?
True
Is (4/(-10))/((-26)/(-65)) - -2856 prime?
False
Let h(w) = -2481*w + 2. Let o be h(-1). Let b = o + -726. Is b a composite number?
True
Suppose -24*t + 22*t = 0. Suppose g - 6*g + 2855 = t. Is g a composite number?
False
Let i(a) = 33*a**3 - 10*a**2 + 20*a - 5. Is i(8) a composite number?
False
Suppose 128 = -2*x - 2*t, -x = -4*x - t - 190. Let s = 84 + x. Is s a composite number?
True
Suppose 5*v + 1495 = 4425. Let h = -335 + v. Is h prime?
True
Suppose -6*v + 2*v + 16 = 0. Suppose 3*u = z - 40, 4*z - 98 = v*u + 30. Suppose -3*g = 15, -3*o - 5*g = -844 - z. Is o composite?
True
Suppose 0*k + k - 5 = 0. Suppose 5*d + 5*v - 1290 = 0, 4*d + 5*v - 504 = 2*d. Suppose 0 = -3*l + k*l - d. Is l a prime number?
True
Let z(k) = k**3 - 59*k**2 + 32*k + 87. Is z(61) a prime number?
False
Suppose -2*v + 4*d - 2 = -6, -3*v + 56 = 4*d. Is (0 - -2) + v*(137 - 2) a prime number?
False
Let n = -3 - -12. Suppose -15 = 4*w - n*w. Suppose -243 = -w*a - 2*m, -4*a + 2*m + 347 = -3*m. Is a composite?
False
Suppose 0 = 8*d + 1726 + 1330. Let u = d - -549. Is u composite?
False
Let g(r) = 819*r**2 - 47*r + 21. Is g(5) prime?
True
Suppose -10*t + 5*t + 7*t = 0. Suppose 5*j - g - 10491 = t, 2*j - 6*j + g = -8392. Is j composite?
False
Suppose -3*j - 27 = -4*q, -5*q - 4*j = -0 + 5. Suppose -n + 364 = r + 4*n, -2*n = q*r - 1157. Is r a composite number?
False
Let i(s) be the third derivative of s**6/720 + 37*s**5/120 + s**4/3 - 4*s**2. Let u(b) be the second derivative of i(b). Is u(0) composite?
False
Let k(p) = -655*p - 17. Suppose 3*g + 5*q + 21 = 0, -g + 0*g - q = 5. Is k(g) composite?
True
Let w(v) = 17 + 13 - 4*v - 32. Let r be w(-3). Suppose 5 + r = 5*t. Is t composite?
False
Suppose -29*i + 30*i = -4. Is 127*i/(-8)*10 composite?
True
Let l(p) = p**2 - 12*p. Let o be l(12). Suppose 3*m + o*m = 0. Suppose j + 4*j - 75 = m. Is j a composite number?
True
Let u(r) = r**3 - 6*r**2 - 5*r - 3. Let p be u(7). Suppose w - 72 = p. Is w a composite number?
False
Let o(k) = -126*k**3 - 12*k**2 + 5*k + 2. Is o(-5) a prime number?
True
Let h(b) = 201*b + 14. Is h(8) prime?
False
Suppose 3*p - 5*n - 1296 = 0, 2*p + 2*n + 0*n = 880. Let u = p - -78. Is u prime?
False
Let k(t) = 8*t**2 + 5*t + 2. Let l(b) = -4*b**2 - 3*b - 1. Let x(z) = 3*k(z) + 5*l(z). Is x(10) a composite number?
False
Let r be (-657)/(-12)*(-24 - -4). Is 4/12 - (1 - r/(-9)) prime?
False
Suppose -3*g + d + 1011 = 89, -g + 305 = 2*d. Suppose -1030 = -o - 3*b - 162, -4*o + 3404 = -5*b. Let q = o + g. Is q a prime number?
True
Let t be (763 - 2) + (-2 - 1). Let j = t + -397. Suppose 4*q = 4*g + 840, 481 + j = 4*q - 2*g. Is q composite?
False
Suppose 7*w - 5175 = 2*w. Suppose 2*j - 2*i - 422 = 0, 2*i - i = 5*j - w. Let b = 375 - j. Is b a prime number?
False
Suppose l - 5*l = 0. Suppose j - 163 = -161. Suppose l = j*b + 2*b - 332. Is b composite?
False
Let r(j) = j**2 + 2*j. Let v be (-2)/(-6) + (-13)/3. Let m be r(v). Is (1098/(-15))/(m/(-20)) composite?
True
Let c(m) = 4*m**2 - 9*m + 1. Let i be c(7). Suppose 3*s - i - 4228 = -5*z, -3*s + z = -4380. Is s composite?
False
Let s(j) = 273*j - 29. Let y(f) = -274*f + 27. Let k(u) = -5*s(u) - 6*y(u). Is k(2) prime?
True
Is 24/(1 - (-999)/(-1001)) + -1 composite?
False
Let r be (-708)/(-4)*1*(3 - 6). Let z = -196 - r. Is z a composite number?
True
Let z be (3920/(1 + 3))/1. Suppose 5*f - 85 = z. Suppose -3*h - 75 = -f. Is h composite?
True
Let p be (-57)/(-12) + -4 + 2/8. Let y(k) = 630*k**3 - 3*k**2 + 2*k. Is y(p) composite?
True
Let v(h) = 7*h - 2. Let k be v(-6). Is (293/(-4))/(11/k) prime?
True
Suppose 6*q = q - 2230. Let g = -268 - q. Is g prime?
False
Is (-14448)/(-2) - 1 - 20/5 a composite number?
False
Suppose 6*l - 826 = 920. Suppose -u = 2*u - l. Is u composite?
False
Suppose 0*x + 4*x = 752. Let d = x - 400. Let t = 505 + d. Is t a composite number?
False
Let v(t) = -t**2 - 13*t + 1. Let w be v(-13). Let a = 15 - w. Is (-450)/(-2) + a/(-7) prime?
True
Suppose 2*n - 12 = -4*n. Suppose 5*r - 1605 = -n*u, 0 = r + 2*u - 361 + 32. Is r prime?
False
Suppose -50187 = -3*w + 5*l, -4*l + 28235 = 3*w - 21952. Is w a composite number?
False
Let j = -7276 - -11243. Is j a prime number?
True
Let j be -2*188 + -1 - (15 + -14). Let m(d) = 129*d + 3. Let w be m(-2). Let o = w - j. Is o prime?
False
Let a be (-1)/(-2)*(-28 + 2). Let k = a + 17. Suppose 3*u + 15 = 0, -3*p + 39 = -k*u - 20. Is p a composite number?
False
Let d be (-2)/(-11) + (-6)/33. Suppose 4*k - 8 = d, -5*i + 2105 = 5*k - 0*k. Is i a prime number?
True
Let j = -22261 - -46454. Is j a composite number?
True
Suppose 26*i - 270112 = -6*i. Is i a composite number?
True
Suppose 3*t = 4*b - 178660, -12*b + 3*t - 178660 = -16*b. Is b composite?
True
Let m be (-1 + 1220/6)/((-2)/24). Let l = -1359 - m. Is l composite?
False
Let y be ((-88)/(-20))/((-10)/(-25)). Suppose 0 = -4*c - 4*u + 44, -3*c + 2*c + y = 3*u. Let q(b) = 13*b - 16. Is q(c) prime?
True
Let a(q) = -714*q + 653. Is a(-32) a prime number?
False
Let c = -101 - -150. Is c composite?
True
Suppose -6*y = -y - 85. Let t = 98 + y. Is t a composite number?
True
Let a(w) = w**3 - w**2 + 14. Let s(z) = z**3 - 10*z**2 + 3. Let m be s(10). Suppose -m*p = -8*p + d - 1, -5 = -p - 5*d. Is a(p) a prime number?
False
Let w be ((-24)/(-90))/((-2)/(-140))*33. Suppose v = -4*g + 1521, w = 5*g - 3*v - 1264. Is g composite?
False
Suppose 8*z = 3*z + 38315. Is z prime?
False
Suppose -21*l = -26*l - 20. Is (-1 - -2)*3*(3 - l) composite?
True
Let n = -23 - -25. Suppose -n*q + 0*q + 12 = 0. Suppose 0 = -9*i + q*i + 2001. Is i composite?
True
Suppose -6*w + 8*w - 2 = 0. Is (12/(-30))/(w/(-485)) a composite number?
True
Let f(k) = -94*k. Let d(r) = -93*r - 1. Let v(t) = 3*d(t) - 2*f(t). Is v(-10) a comp